{"id":5993,"date":"2024-03-05T22:36:02","date_gmt":"2024-03-06T01:36:02","guid":{"rendered":"https:\/\/florencioperez.org\/?page_id=5993"},"modified":"2024-03-06T01:22:12","modified_gmt":"2024-03-06T04:22:12","slug":"clubes","status":"publish","type":"page","link":"https:\/\/florencioperez.org\/index.php\/clubes\/","title":{"rendered":"Clubes"},"content":{"rendered":"\t\t<div data-elementor-type=\"wp-page\" data-elementor-id=\"5993\" class=\"elementor elementor-5993\">\n\t\t\t\t<div class=\"elementor-element elementor-element-00966cf e-flex e-con-boxed e-con e-parent\" data-id=\"00966cf\" data-element_type=\"container\">\n\t\t\t\t\t<div class=\"e-con-inner\">\n\t\t<div class=\"elementor-element elementor-element-c74e95d e-con-full e-flex e-con e-child\" data-id=\"c74e95d\" data-element_type=\"container\">\n\t\t\t\t<div class=\"elementor-element elementor-element-049719b elementor-widget elementor-widget-ct_gallery_carousel\" data-id=\"049719b\" data-element_type=\"widget\" data-widget_type=\"ct_gallery_carousel.default\">\n\t\t\t\t<div class=\"elementor-widget-container\">\n\t\t\t\t\t    <div class=\"ct-gallery-carousel1 ct-slick-slider\">\r\n        <div class=\"ct-carousel-inner\">\r\n            <div class=\"ct-slick-carousel\" data-arrows=\"\" data-dots=\"\" data-pauseOnHover=\"\" data-autoplay=\"true\" data-autoplaySpeed=\"5000\" data-infinite=\"\" data-speed=\"500\" data-colxs=\"1\" data-colsm=\"1\" data-colmd=\"1\" data-collg=\"1\" data-colxl=\"1\" data-dir=\"false\" data-slidesToScroll=\"1\">\r\n                                    <div class=\"slick-slide\">\r\n                        <img fetchpriority=\"high\" decoding=\"async\" class=\"\" src=\"https:\/\/florencioperez.org\/wp-content\/uploads\/2024\/03\/clubes-1-475x351.jpg\" width=\"475\" height=\"351\" alt=\"clubes\" title=\"clubes\" \/>                    <\/div>\r\n                                    <div class=\"slick-slide\">\r\n                        <img decoding=\"async\" class=\"\" src=\"https:\/\/florencioperez.org\/wp-content\/uploads\/2024\/03\/2-475x600.jpg\" width=\"475\" height=\"600\" alt=\"2\" title=\"2\" \/>                    <\/div>\r\n                                    <div class=\"slick-slide\">\r\n                        <img decoding=\"async\" class=\"\" src=\"https:\/\/florencioperez.org\/wp-content\/uploads\/2024\/03\/ALUMNI-1-475x600.jpg\" width=\"475\" height=\"600\" alt=\"ALUMNI\" title=\"ALUMNI\" \/>                    <\/div>\r\n                                    <div class=\"slick-slide\">\r\n                        <img loading=\"lazy\" decoding=\"async\" class=\"\" src=\"https:\/\/florencioperez.org\/wp-content\/uploads\/2024\/03\/foto-tricolores-475x600.jpg\" width=\"475\" height=\"600\" alt=\"foto-tricolores\" title=\"foto-tricolores\" \/>                    <\/div>\r\n                                    <div class=\"slick-slide\">\r\n                        <img loading=\"lazy\" decoding=\"async\" class=\"\" src=\"https:\/\/florencioperez.org\/wp-content\/uploads\/2024\/03\/foto-tricolores-1-475x600.jpg\" width=\"475\" height=\"600\" alt=\"foto-tricolores-1\" title=\"foto-tricolores-1\" \/>                    <\/div>\r\n                                    <div class=\"slick-slide\">\r\n                        <img loading=\"lazy\" decoding=\"async\" class=\"\" src=\"https:\/\/florencioperez.org\/wp-content\/uploads\/2024\/03\/foto-tricolores-2-475x600.jpg\" width=\"475\" height=\"600\" alt=\"foto-tricolores-2\" title=\"foto-tricolores-2\" \/>                    <\/div>\r\n                                    <div class=\"slick-slide\">\r\n                        <img loading=\"lazy\" decoding=\"async\" class=\"\" src=\"https:\/\/florencioperez.org\/wp-content\/uploads\/2024\/03\/Fundacion_Florencio_Perez_Club_Bransen_9412-475x600.jpg\" width=\"475\" height=\"600\" alt=\"Fundacion_Florencio_Perez_Club_Bransen_9412\" title=\"Fundacion_Florencio_Perez_Club_Bransen_9412\" \/>                    <\/div>\r\n                                    <div class=\"slick-slide\">\r\n                        <img loading=\"lazy\" decoding=\"async\" class=\"\" src=\"https:\/\/florencioperez.org\/wp-content\/uploads\/2024\/03\/Nueva_Cancha_Club_Platense_Florencio_Perez_1-475x600.jpg\" width=\"475\" height=\"600\" alt=\"Nueva_Cancha_Club_Platense_Florencio_Perez_1\" title=\"Nueva_Cancha_Club_Platense_Florencio_Perez_1\" \/>                    <\/div>\r\n                                    <div class=\"slick-slide\">\r\n                        <img loading=\"lazy\" decoding=\"async\" class=\"\" src=\"https:\/\/florencioperez.org\/wp-content\/uploads\/2024\/03\/Nueva_Cancha_Club_Platense_Florencio_Perez_2-475x600.jpg\" width=\"475\" height=\"600\" alt=\"Nueva_Cancha_Club_Platense_Florencio_Perez_2\" title=\"Nueva_Cancha_Club_Platense_Florencio_Perez_2\" \/>                    <\/div>\r\n                                    <div class=\"slick-slide\">\r\n                        <img loading=\"lazy\" decoding=\"async\" class=\"\" src=\"https:\/\/florencioperez.org\/wp-content\/uploads\/2024\/03\/Nueva_Cancha_Club_Platense_Florencio_Perez_5-475x600.jpg\" width=\"475\" height=\"600\" alt=\"Nueva_Cancha_Club_Platense_Florencio_Perez_5\" title=\"Nueva_Cancha_Club_Platense_Florencio_Perez_5\" \/>                    <\/div>\r\n                                    <div class=\"slick-slide\">\r\n                        <img loading=\"lazy\" decoding=\"async\" class=\"\" src=\"https:\/\/florencioperez.org\/wp-content\/uploads\/2024\/03\/web_1-475x540.jpg\" width=\"475\" height=\"540\" alt=\"web_1\" title=\"web_1\" \/>                    <\/div>\r\n                                    <div class=\"slick-slide\">\r\n                        <img loading=\"lazy\" decoding=\"async\" class=\"\" src=\"https:\/\/florencioperez.org\/wp-content\/uploads\/2024\/03\/web_2-475x540.jpg\" width=\"475\" height=\"540\" alt=\"web_2\" title=\"web_2\" \/>                    <\/div>\r\n                                    <div class=\"slick-slide\">\r\n                        <img loading=\"lazy\" decoding=\"async\" class=\"\" src=\"https:\/\/florencioperez.org\/wp-content\/uploads\/2024\/03\/web_3-475x540.jpg\" width=\"475\" height=\"540\" alt=\"web_3\" title=\"web_3\" \/>                    <\/div>\r\n                            <\/div>\r\n        <\/div>\r\n    <\/div>\r\n\t\t\t\t<\/div>\n\t\t\t\t<\/div>\n\t\t\t\t<\/div>\n\t\t<div class=\"elementor-element elementor-element-424b46a e-con-full e-flex e-con e-child\" data-id=\"424b46a\" data-element_type=\"container\">\n\t\t\t\t<div class=\"elementor-element elementor-element-8fd523a elementor-widget elementor-widget-text-editor\" data-id=\"8fd523a\" data-element_type=\"widget\" data-widget_type=\"text-editor.default\">\n\t\t\t\t<div class=\"elementor-widget-container\">\n\t\t\t\t\t\t\t\t\t<p>En el Gran La Plata, numerosos clubes cumplen una extraordinaria funci\u00f3n social\u00a0 y son el centro de esparcimiento y pr\u00e1ctica deportiva de miles de j\u00f3venes. Por eso la Fundaci\u00f3n colabora materialmente con muchos de ellos para mejorar sus instalaciones y los campos deportivos, en ellos llevamos a cabo los cursos de <a href=\"http:\/\/sd-1584966-h00091.ferozo.net\/capacitaciones\/\">capacitaci\u00f3n en oficios<\/a> y se organizaron <a href=\"http:\/\/sd-1584966-h00091.ferozo.net\/cursos\/\">seminarios y jornadas de prevenci\u00f3n de adicciones<\/a> con padres, entrenadores y directivos.<\/p>\t\t\t\t\t\t\t\t<\/div>\n\t\t\t\t<\/div>\n\t\t\t\t<\/div>\n\t\t\t\t\t<\/div>\n\t\t\t\t<\/div>\n\t\t\t\t<\/div>\n\t\t","protected":false},"excerpt":{"rendered":"<p>En el Gran La Plata, numerosos clubes cumplen una extraordinaria funci\u00f3n social\u00a0 y son el centro de esparcimiento y pr\u00e1ctica deportiva de miles de j\u00f3venes. Por eso la Fundaci\u00f3n colabora materialmente con muchos de ellos para mejorar sus instalaciones y los campos deportivos, en ellos llevamos a cabo los cursos de capacitaci\u00f3n en oficios y [&hellip;]<\/p>\n","protected":false},"author":1,"featured_media":0,"parent":0,"menu_order":0,"comment_status":"closed","ping_status":"closed","template":"","meta":{"footnotes":""},"class_list":["post-5993","page","type-page","status-publish","hentry"],"_links":{"self":[{"href":"https:\/\/florencioperez.org\/index.php\/wp-json\/wp\/v2\/pages\/5993","targetHints":{"allow":["GET"]}}],"collection":[{"href":"https:\/\/florencioperez.org\/index.php\/wp-json\/wp\/v2\/pages"}],"about":[{"href":"https:\/\/florencioperez.org\/index.php\/wp-json\/wp\/v2\/types\/page"}],"author":[{"embeddable":true,"href":"https:\/\/florencioperez.org\/index.php\/wp-json\/wp\/v2\/users\/1"}],"replies":[{"embeddable":true,"href":"https:\/\/florencioperez.org\/index.php\/wp-json\/wp\/v2\/comments?post=5993"}],"version-history":[{"count":4,"href":"https:\/\/florencioperez.org\/index.php\/wp-json\/wp\/v2\/pages\/5993\/revisions"}],"predecessor-version":[{"id":6012,"href":"https:\/\/florencioperez.org\/index.php\/wp-json\/wp\/v2\/pages\/5993\/revisions\/6012"}],"wp:attachment":[{"href":"https:\/\/florencioperez.org\/index.php\/wp-json\/wp\/v2\/media?parent=5993"}],"curies":[{"name":"wp","href":"https:\/\/api.w.org\/{rel}","templated":true}]}}